u. Calculate s(6).
-4
Let l(p) = -p**3 + 7*p**2 - 5*p - 8. Let r = -58 - -85. Suppose -3*f - 12 + 3 = 0, -f - r = -4*b. Give l(b).
-2
Let v(z) = -z**2 + 2*z + 5. Let m(h) = -3*h**2 + 6*h + 16. Let t(o) = -2*m(o) + 7*v(o). What is t(3)?
0
Let x(z) be the third derivative of z**4/24 + z**3/3 + 9*z**2. Give x(-3).
-1
Let f(y) = y**2 - 5*y - 3. Let v(l) = -2*l**2 + 10*l + 5. Let z(i) = 5*f(i) + 3*v(i). Calculate z(4).
4
Suppose 5*g = -2*k - 23, -1 = 5*k - 6. Let a(f) = -f**2 - 5*f + 4. Determine a(g).
4
Let l(z) = 0*z**2 - 10*z**3 - 2*z**2 - 5*z**2 + 9*z**3 + 4 - 4*z. Give l(-6).
-8
Let k(g) = g - 6. Let w(b) = b**2 - 2*b - 1. Let q be w(6). Suppose -3*f - 32 = -4*x, -3*x - f = -3*f - q. Calculate k(x).
-1
Suppose 3*k - 5*q = -19, 5*k - 4*q + 17 = 7. Let t(p) = -4 + k - 2*p - 5. Calculate t(-5).
3
Suppose -5*w - 2*g + 19 = g, -5*g = -3*w + 25. Let x = w - 4. Let q be (x/2)/(4/(-32)). Let h(y) = y**2 + 5*y - 3. What is h(q)?
-7
Let y(t) be the third derivative of -1/6*t**3 + 0 + 1/24*t**4 + 0*t + 2*t**2. Calculate y(1).
0
Suppose -t + 0 = -2. Let f(o) = 4*o + 2. Calculate f(t).
10
Suppose -4*k = -5*f + 7, 0*k = -3*f - 5*k - 18. Let q = f - -6. Let s = q + -7. Let y(l) = -l**3 - l**2 + 2*l. Calculate y(s).
0
Let k(z) = -5*z**3 + 2*z + 10. Let b(d) = -14*d**3 - d**2 + 6*d + 29. Let a(x) = 4*b(x) - 11*k(x). Let w be (16/(-6))/((-8)/(-12)). Determine a(w).
-2
Let d(r) = 3*r**2 + 16*r - 23. Let a(z) = z**2 + 8*z - 11. Let g(o) = -4*o - 1. Let q be g(1). Let x(w) = q*a(w) + 2*d(w). What is x(6)?
-3
Let y(s) = -7*s**3 + s. Let v = 5 - 6. Give y(v).
6
Let b(h) = -h**3 - 13*h**2 - h - 9. Let v be b(-13). Let u(r) = -4*r**2 + 3*r + 2*r + r**3 - 2*r - 2. What is u(v)?
10
Suppose 3 = 5*z - 2. Let d be (z/3)/((-4)/12). Let p(h) = 6*h. Give p(d).
-6
Suppose n + 2 = -v, -4*v - v - 9 = 4*n. Let k(h) = 2*h - 1. Determine k(v).
-3
Let u(i) = 7*i. Suppose -5*n + 4 = -6. Let t be u(n). Let d be (-1)/(-3) - t/6. Let p(m) = -3*m - 1. Determine p(d).
5
Let z(k) = k - 2. Suppose 4*s + 10 = 22. Suppose -2*p - 3 = -s*p. What is z(p)?
1
Let u(d) = 6*d + 1. Let b(h) = -7*h. Let z(o) = -5*b(o) - 6*u(o). Give z(0).
-6
Suppose 0 = -3*t + 6, 1 = -4*s + 5*t + 11. Suppose s*o + 4 - 29 = 0. Let g(f) = -f**2 + 4*f + 4. Give g(o).
-1
Let n(f) = -f**3 + 3*f**2 + 2*f - 1. Let r be n(3). Let g(t) be the third derivative of 0*t + 0*t**3 - 1/8*t**4 + 1/60*t**r + 0 + 2*t**2. Determine g(4).
4
Suppose -3*a - 3 = -5*z, -5*a + 10 = z - 13. Let i(c) = 2*c**2 + 2*c - 3. Determine i(z).
21
Let i(a) = 8*a - 1. Suppose -2*r - 44 = 2*r. Let z = r - -12. Calculate i(z).
7
Let m(v) = -v**3 + v**2 - v + 6. Suppose 2*z = 5*z - 6. Let q = -17 + 31. Suppose 3*n + q = 4*d + 2, 0 = 5*d - z*n - 8. Calculate m(d).
6
Suppose -5 - 2 = -f. Let s(y) = -2*y - 20 + f + 13. Suppose 0 = o - 2*o + 2*x + 3, 5*o - 2*x = 7. Give s(o).
-2
Let k be 1 - (0 - -2)*-2. Suppose -2*w = w - p + 9, -4*p = k*w - 2. Let s(v) = 5*v - 8*v**2 + 2 - 3*v + 5*v**2 + 2*v**2. What is s(w)?
-6
Let a = 5 - -9. Suppose -4 + a = 5*f. Let l(g) = g + 1 - 5 - f. Calculate l(5).
-1
Let i(d) be the first derivative of -2*d**2 - 42. Determine i(3).
-12
Let k(r) = 1 + 27*r**2 + 2*r - 66*r**2 + 25*r**2. Determine k(-1).
-15
Let w(i) = -i - 5*i + 5*i - 7 + 1. What is w(-4)?
-2
Let h(m) = -m**2 - m - 3. Let t be 3 + (-2 - -1) - -9. Let b(z) = -z**3 + 12*z**2 - 10*z - 14. Let v be b(t). Calculate h(v).
-9
Let h = 19 + -23. Let t(z) = z**3 + 5*z**2 + 4*z - 2. Calculate t(h).
-2
Let v(s) = -s**3 - s**2 + 4*s - 1. Let n be v(-3). Let r = -2 + 4. Let a(b) = -b**3 + 0*b**3 + b**2 + 8*b + 3*b**r - 7. What is a(n)?
8
Let t(z) = 4*z**3 - 3*z**2 + z + 6. Let v(u) = 3*u**3 - 2*u**2 + u + 5. Let f(k) = -4*t(k) + 5*v(k). Give f(3).
-5
Let l(p) = 3*p - 1. Let j(x) = -x**3 + 5*x**2 - 4*x + 4. Let h be j(3). Let u(a) = 0*a - 2 - 1 - 2*a + h*a. Let q(w) = -17*l(w) + 6*u(w). What is q(-1)?
2
Let r(n) = n**2 - n - 9 + 9. Let m = -9 + 4. Let g(b) = b**3 + 6*b**2 + 5*b - 1. Let j be g(m). Determine r(j).
2
Let k(a) = a**3 + a**2 - a - 1. Suppose 3*c - 6 = 2*i + 4, -i + 4*c - 10 = 0. Give k(i).
-3
Let j(v) = 9*v + 6*v**2 - 11*v + v**3 - 3 - 1 + 2. Give j(-6).
10
Suppose -26 = 7*c - 3*c + n, 0 = -4*c - 2*n - 24. Let g(f) = -2*f - 10. What is g(c)?
4
Let w(k) = -k**3 - 6*k**2 - 5*k + 3. Suppose -21*v + 17*v - 20 = 0. What is w(v)?
3
Let b(d) be the third derivative of -1/60*d**5 + 1/8*d**4 + 2*d**2 + 0 + 0*d + 1/6*d**3. Determine b(4).
-3
Let l be (3/(-2))/(15/(-20)). Let n(w) be the first derivative of -3*w**l - 2*w - 2 - 2*w**3 - 1/4*w**4. Calculate n(-5).
3
Let d(q) = -q - 3. Suppose -14 = -2*w - y, 2*w + 2*y - 4 - 10 = 0. Let m = w + -7. Give d(m).
-3
Let c(f) = -f**3 - 6*f**2 + 5*f - 9. Let u(a) = -a**3 - 5*a**2 + 4*a - 8. Let m(n) = -5*c(n) + 6*u(n). What is m(0)?
-3
Let h(s) = -2*s**2 - 17*s - 19. Let c(q) = -q**2 - 8*q - 9. Let f(g) = -13*c(g) + 6*h(g). Calculate f(-3).
6
Suppose 0 = -7*s - 380 + 345. Let z(i) be the third derivative of 1/15*i**5 + 1/120*i**6 - 1/12*i**4 + 7/6*i**3 + i**2 + 0 + 0*i. Give z(s).
-8
Let x(a) = 2*a**2 - a. Suppose 29 + 111 = -5*z. Let v = 43 - 44. Let j be v/(-4) + z/(-16). Determine x(j).
6
Let t(a) be the second derivative of -a**4/24 + 3*a**3/2 - 2*a**2 - a. Let x(b) be the first derivative of t(b). Let j be 3 - (6 - 0)/2. Give x(j).
9
Let y(c) = 2 - c**3 + 4 - c**2 - 2 + 9*c - 5*c**2. What is y(-7)?
-10
Let a(m) = -m**2 - m + 1. Let l(q) = 9*q + 7. Let g(b) = a(b) - l(b). Let f be g(-9). Let s(p) = -2*p**2 + 5*p - 4. Determine s(f).
-7
Suppose 0 = -0*k + 4*k + 40. Let w = k - -16. Let l(m) = m**2 - 7*m + 9. Give l(w).
3
Let s(l) = 4*l**2 - 7 - 2 - 5*l**2 - 8*l. What is s(-7)?
-2
Suppose -3*x - 9 = 2*y - y, -y + 5*x + 23 = 0. Let r(n) = -n**2 + 6*n - 1. Determine r(y).
8
Let v(u) be the first derivative of u**3/3 - u**2 + 2*u - 11. What is v(2)?
2
Let x(r) = 4*r**2. Let c = -11 + 13. Suppose -2*p + 3*n = 14, 4*n - 11 = -3*p - c*p. What is x(p)?
4
Let m(k) = -k**2 - 5*k + 4. Let w(y) = y. Let t(g) = 1. Let f(s) = -t(s) + w(s). Let x(r) = 4*f(r) + m(r). What is x(0)?
0
Let x(k) = k**2 + k - 7. Let t be (-1)/((-1)/3 + 0). Suppose 20 = -r + t*r. Suppose -5*y + 2 = -4*y, -5*y + r = 4*i. Calculate x(i).
-7
Let l be (-2)/9 - 40/(-18). Let m(f) = -l - 2*f + f + 4*f. Let v = -26 - -29. Determine m(v).
7
Let s(o) = 2*o + 12. Let w be s(-6). Suppose -5 = -w*k - k. Let p(z) = z - 7. Calculate p(k).
-2
Let g(c) = -c**2. Let d(r) = -r**2 + 5*r + 5. Let b(x) = -d(x) + 3*g(x). What is b(-4)?
-17
Suppose o - 13 + 4 = 0. Let b = -16 + o. Let i(y) = 2*y + 9. Give i(b).
-5
Let s(i) be the first derivative of i**2/2 + 6*i - 140. Let p(r) = -2*r**3 + 3*r**2 - r + 1. Let h be p(2). Give s(h).
1
Let d be (4/(-8))/(1/2*-3). Let i(a) be the third derivative of d*a**3 + 0 - 1/8*a**4 + 1/60*a**5 + 0*a - 3*a**2. Calculate i(4).
6
Let q(r) = -3*r + 3. Let g(c) = 4*c + 19. Let n be g(-4). Calculate q(n).
-6
Let p be (-12)/1*4/(-16). Let t(n) = -5*n**2 + n**3 + 2 - 3*n + p + 3*n - 3*n. Let l = -9 - -14. What is t(l)?
-10
Let h(w) = w**2 - 9*w + 3. Let m be h(8). Let c be ((-4)/(-5))/((-2)/m). Let n(s) = -4*s**2 - 1 + c*s**2 + 0*s**2 + 2*s + 2*s**3 - s**2. Calculate n(2).
7
Let x be (3/4)/(1/(-4)). Let y be -1 - (6/2)/(-1). Let k(h) = -9*h + 0 + 4*h - y*h**2 - 2. Determine k(x).
-5
Let j(d) = d**3 + 5*d**2 - 8*d - 7. Let p = -3 + -3. Let z be j(p). Let k(s) = -2*s**2 - 4*s**3 + 6 + z*s**3 - 4*s**2 + 5*s. What is k(5)?
6
Let n(q) = 3*q. Let d = 2 + 1. Suppose -3*z + 2*z - d = 0. Give n(z).
-9
Let f(j) = j**2 + 7*j - 6. Let h = 23 - 38. Let d(z) = -z - 21. Let c be d(h). Determine f(c).
-12
Let z(w) = -w**3 - 6*w**2 - 4*w. Let p = 3 - 8. What is z(p)?
-5
Let o(p) be the third derivative of 7/60*p**5 + 0 + 0*p - 1/4*p**4 - 1/120*p**6 - 1/6*p**3 - p**2. Give o(6).
-1
Let y(d) = 7*d. Let p(f) = -f**2 - f + 9. Let r be p(0). Let j = r + -10. Calculate y(j).
-7
Let p(z) = -z**2 + 2*z + 7. Let w = 40 + -35. Determine p(w).
-8
Let y(q) = 2*q + 5. Let z(a) = -a - 4. Let v(n) = -2*y(n) - 3*z(n). What is v(-6)?
8
Let s = -13 - -19. Let d(y) = -6*y + 8. Let b(f) = 2*f - 3. Let o(c) = 16*b(c) + 5*d(c). Give o(s).
4
Suppose -2*i - 2 = -38. Suppose 3*t - i = 5*d + 17, 5*t = -5*d + 5. Let n(b) = 6 + b**2 + b**2 - 5*b - b**2. Determine n(t).
6
Suppose -2*i = -2*x, 8 - 28 = 5*i. Let 